{"id":3097,"date":"2020-07-29T07:08:46","date_gmt":"2020-07-29T07:08:46","guid":{"rendered":"https:\/\/startersites.io\/blocksy\/blog\/?page_id=3097"},"modified":"2026-04-01T08:52:36","modified_gmt":"2026-04-01T07:52:36","slug":"o_nama","status":"publish","type":"page","link":"https:\/\/ctzh.hr\/index.php\/o_nama\/","title":{"rendered":"o_nama"},"content":{"rendered":"\n<div class=\"wp-block-cover alignfull\" style=\"min-height:550px;aspect-ratio:unset;\"><img loading=\"lazy\" decoding=\"async\" width=\"1000\" height=\"628\" class=\"wp-block-cover__image-background wp-image-3429 size-full\" alt=\"\" src=\"http:\/\/ctzhhr.local\/wp-content\/uploads\/2026\/02\/Hero_about.webp\" data-object-fit=\"cover\" srcset=\"https:\/\/ctzh.hr\/wp-content\/uploads\/2026\/02\/Hero_about.webp 1000w, https:\/\/ctzh.hr\/wp-content\/uploads\/2026\/02\/Hero_about-300x188.webp 300w, https:\/\/ctzh.hr\/wp-content\/uploads\/2026\/02\/Hero_about-768x482.webp 768w\" sizes=\"auto, (max-width: 1000px) 100vw, 1000px\" \/><span aria-hidden=\"true\" class=\"wp-block-cover__background has-background-dim\" style=\"background-color:#485560\"><\/span><div class=\"wp-block-cover__inner-container is-layout-constrained wp-block-cover-is-layout-constrained\">\n<h1 class=\"wp-block-heading has-text-align-center has-x-large-font-size\">Fokus u svijetu buke.<\/h1>\n\n\n\n<p class=\"has-text-align-center\">CTZH je platforma koja prati i isporu\u010duje trending<\/p>\n\n\n<style>.wp-block-kadence-iconlist.kt-svg-icon-list-items3097_efa7ce-d0:not(.this-stops-third-party-issues){margin-top:0px;margin-bottom:0px;}.wp-block-kadence-iconlist.kt-svg-icon-list-items3097_efa7ce-d0 ul.kt-svg-icon-list:not(.this-prevents-issues):not(.this-stops-third-party-issues):not(.tijsloc){margin-top:0px;margin-right:var(--global-kb-spacing-auto, auto);margin-bottom:var(--global-kb-spacing-sm, 1.5rem);margin-left:var(--global-kb-spacing-auto, auto);}.wp-block-kadence-iconlist.kt-svg-icon-list-items3097_efa7ce-d0 ul.kt-svg-icon-list{grid-row-gap:5px;}.wp-block-kadence-iconlist.kt-svg-icon-list-items3097_efa7ce-d0 ul.kt-svg-icon-list .kt-svg-icon-list-item-wrap .kt-svg-icon-list-single{margin-right:10px;}.kt-svg-icon-list-items3097_efa7ce-d0 ul.kt-svg-icon-list .kt-svg-icon-list-level-0 .kt-svg-icon-list-single svg{font-size:20px;}<\/style>\n<div class=\"wp-block-kadence-iconlist kt-svg-icon-list-items kt-svg-icon-list-items3097_efa7ce-d0 kt-svg-icon-list-columns-1 aligncenter hero_list\"><ul class=\"kt-svg-icon-list\"><style>.kt-svg-icon-list-item-3097_ceaf24-c3 .kt-svg-icon-list-single{color:var(--theme-palette-color-1, #D9F99D) !important;}.kt-svg-icon-list-item-3097_ceaf24-c3 .kt-svg-icon-list-text mark.kt-highlight{background-color:unset;font-style:normal;color:#f76a0c;-webkit-box-decoration-break:clone;box-decoration-break:clone;padding-top:0px;padding-right:0px;padding-bottom:0px;padding-left:0px;}<\/style>\n<li class=\"wp-block-kadence-listitem kt-svg-icon-list-item-wrap kt-svg-icon-list-item-3097_ceaf24-c3\"><span class=\"kb-svg-icon-wrap kb-svg-icon-ic_target kt-svg-icon-list-single\"><svg viewBox=\"0 0 8 8\"  fill=\"currentColor\" xmlns=\"http:\/\/www.w3.org\/2000\/svg\"  aria-hidden=\"true\"><path d=\"M4 0c-2.2 0-4 1.8-4 4s1.8 4 4 4 4-1.8 4-4-1.8-4-4-4zm0 1c1.66 0 3 1.34 3 3s-1.34 3-3 3-3-1.34-3-3 1.34-3 3-3zm0 1c-1.1 0-2 .9-2 2s.9 2 2 2 2-.9 2-2-.9-2-2-2zm0 1c.56 0 1 .44 1 1s-.44 1-1 1-1-.44-1-1 .44-1 1-1z\"\/><\/svg><\/span><span class=\"kt-svg-icon-list-text\"><span class=\"stk-highlight\" style=\"color: var(--theme-palette-color-1, #D9F99D);\">CILJ.<\/span> Sustavi i produktivnost.<\/span><\/li>\n\n\n<style>.kt-svg-icon-list-item-3097_b0734c-e8 .kt-svg-icon-list-single{color:#e1cd89 !important;}.kt-svg-icon-list-item-3097_b0734c-e8 .kt-svg-icon-list-text mark.kt-highlight{background-color:unset;font-style:normal;color:#f76a0c;-webkit-box-decoration-break:clone;box-decoration-break:clone;padding-top:0px;padding-right:0px;padding-bottom:0px;padding-left:0px;}<\/style>\n<li class=\"wp-block-kadence-listitem kt-svg-icon-list-item-wrap kt-svg-icon-list-item-3097_b0734c-e8\"><span class=\"kb-svg-icon-wrap kb-svg-icon-fe_trendingUp kt-svg-icon-list-single\"><svg viewBox=\"0 0 24 24\"  fill=\"none\" stroke=\"currentColor\" stroke-width=\"2\" stroke-linecap=\"round\" stroke-linejoin=\"round\" xmlns=\"http:\/\/www.w3.org\/2000\/svg\"  aria-hidden=\"true\"><polyline points=\"23 6 13.5 15.5 8.5 10.5 1 18\"\/><polyline points=\"17 6 23 6 23 12\"\/><\/svg><\/span><span class=\"kt-svg-icon-list-text\"><span style=\"color: #e1cd89;\" class=\"stk-highlight\">TREND.<\/span> Headless, AI i budu\u0107nost.<\/span><\/li>\n\n\n<style>.kt-svg-icon-list-item-3097_fb6733-f7 .kt-svg-icon-list-single{color:var(--theme-palette-color-2, #FDC4D6) !important;}.kt-svg-icon-list-item-3097_fb6733-f7 .kt-svg-icon-list-text mark.kt-highlight{background-color:unset;font-style:normal;color:#f76a0c;-webkit-box-decoration-break:clone;box-decoration-break:clone;padding-top:0px;padding-right:0px;padding-bottom:0px;padding-left:0px;}<\/style>\n<li class=\"wp-block-kadence-listitem kt-svg-icon-list-item-wrap kt-svg-icon-list-item-3097_fb6733-f7\"><span class=\"kb-svg-icon-wrap kb-svg-icon-fas_coffee kt-svg-icon-list-single\"><svg viewBox=\"0 0 640 512\"  fill=\"currentColor\" xmlns=\"http:\/\/www.w3.org\/2000\/svg\"  aria-hidden=\"true\"><path d=\"M192 384h192c53 0 96-43 96-96h32c70.6 0 128-57.4 128-128S582.6 32 512 32H120c-13.3 0-24 10.7-24 24v232c0 53 43 96 96 96zM512 96c35.3 0 64 28.7 64 64s-28.7 64-64 64h-32V96h32zm47.7 384H48.3c-47.6 0-61-64-36-64h583.3c25 0 11.8 64-35.9 64z\"\/><\/svg><\/span><span class=\"kt-svg-icon-list-text\"><span style=\"color: var(--theme-palette-color-2, #FDC4D6);\" class=\"stk-highlight\">\u017dIVOT.<\/span> Balans i slow-living.<\/span><\/li>\n<\/ul><\/div>\n<\/div><\/div>\n\n\n\n<div style=\"height:100px\" aria-hidden=\"true\" class=\"wp-block-spacer\"><\/div>\n\n\n\n<div class=\"wp-block-columns is-layout-flex wp-container-core-columns-is-layout-28f84493 wp-block-columns-is-layout-flex\">\n<div class=\"wp-block-column is-layout-flow wp-block-column-is-layout-flow\" style=\"flex-basis:50%\">\n<div class=\"wp-block-group is-nowrap is-layout-flex wp-container-core-group-is-layout-6c531013 wp-block-group-is-layout-flex\">\n<figure class=\"wp-block-image size-large has-custom-border\"><img loading=\"lazy\" decoding=\"async\" width=\"1024\" height=\"1024\" src=\"http:\/\/ctzhhr.local\/wp-content\/uploads\/2026\/02\/about_sekcija2-1024x1024.webp\" alt=\"\" class=\"wp-image-3531\" style=\"border-top-left-radius:11px;border-top-right-radius:11px;border-bottom-left-radius:11px;border-bottom-right-radius:11px\" srcset=\"https:\/\/ctzh.hr\/wp-content\/uploads\/2026\/02\/about_sekcija2-1024x1024.webp 1024w, https:\/\/ctzh.hr\/wp-content\/uploads\/2026\/02\/about_sekcija2-300x300.webp 300w, https:\/\/ctzh.hr\/wp-content\/uploads\/2026\/02\/about_sekcija2-150x150.webp 150w, https:\/\/ctzh.hr\/wp-content\/uploads\/2026\/02\/about_sekcija2-768x768.webp 768w, https:\/\/ctzh.hr\/wp-content\/uploads\/2026\/02\/about_sekcija2.webp 1080w\" sizes=\"auto, (max-width: 1024px) 100vw, 1024px\" \/><\/figure>\n<\/div>\n<\/div>\n\n\n\n<div class=\"wp-block-column is-vertically-aligned-center is-layout-flow wp-block-column-is-layout-flow\" style=\"padding-top:var(--wp--preset--spacing--40);padding-right:var(--wp--preset--spacing--40);padding-bottom:var(--wp--preset--spacing--40);padding-left:var(--wp--preset--spacing--40);flex-basis:50%\">\n<h2 class=\"wp-block-heading\">Va\u0161 filter u svijetu digitalne buke.<\/h2>\n\n\n\n<p>Svakog dana smo bombardirani informacijama koje ne slu\u017ee ni\u010demu osim tro\u0161enju na\u0161eg vremena. CTZH je nastao kao odgovor na taj kaos. Mi ne jurimo klikove \u2013 mi filtriramo bitno.<\/p>\n\n\n\n<p>Na\u0161a misija je jednostavna: pru\u017eiti vam provjerene strategije za postavljanje <strong>Ciljeva<\/strong>, analizu stvarnih tehnolo\u0161kih <strong>Trendova<\/strong> i prakti\u010dne savjete za kvalitetniji <strong>\u017divot<\/strong>. Sve \u0161to objavimo pro\u0161lo je kroz na\u0161 filter korisnosti. Ako nam ne \u0161tedi vrijeme ili ne donosi novu vrijednost, ne\u0107ete to na\u0107i na CTZH-u.<\/p>\n<\/div>\n<\/div>\n\n\n\n<div style=\"height:100px\" aria-hidden=\"true\" class=\"wp-block-spacer\"><\/div>\n\n\n\n<div class=\"wp-block-columns is-layout-flex wp-container-core-columns-is-layout-9a362313 wp-block-columns-is-layout-flex\">\n<div class=\"wp-block-column is-layout-flow wp-block-column-is-layout-flow\">\n<div class=\"wp-block-cover\" style=\"border-top-left-radius:8px;border-top-right-radius:8px;border-bottom-left-radius:8px;border-bottom-right-radius:8px;padding-right:2rem;padding-left:2rem\"><span aria-hidden=\"true\" class=\"wp-block-cover__background has-palette-color-4-background-color has-background-dim-100 has-background-dim\"><\/span><div class=\"wp-block-cover__inner-container is-layout-constrained wp-container-core-cover-is-layout-d36f5e83 wp-block-cover-is-layout-constrained\">\n<h4 class=\"wp-block-heading has-text-align-center has-palette-color-1-color has-text-color has-link-color wp-elements-960b5a8ce34da5a23e8cc38e255703f6\" style=\"font-size:clamp(16.293px, 1.018rem + ((1vw - 3.2px) * 0.68), 25px);\"><span class=\"stk-highlight\" style=\"color: var(--theme-palette-color-1, #D9F99D);\">CILJ<\/span>.<br>Strategija umjesto kaosa.<\/h4>\n\n\n\n<p class=\"has-text-align-center\">Fokusiramo se na sustave koji donose rezultate. Od osobne produktivnosti do poslovnih procesa, poma\u017eemo vam definirati jasnu putanju u svijetu koji stalno mijenja pravila.<\/p>\n<\/div><\/div>\n<\/div>\n\n\n\n<div class=\"wp-block-column is-layout-flow wp-block-column-is-layout-flow\">\n<div class=\"wp-block-cover\" style=\"border-top-left-radius:8px;border-top-right-radius:8px;border-bottom-left-radius:8px;border-bottom-right-radius:8px;padding-right:2.25rem;padding-left:2.25rem\"><span aria-hidden=\"true\" class=\"wp-block-cover__background has-palette-color-4-background-color has-background-dim-100 has-background-dim\"><\/span><div class=\"wp-block-cover__inner-container is-layout-constrained wp-container-core-cover-is-layout-1abacb28 wp-block-cover-is-layout-constrained\">\n<h4 class=\"wp-block-heading has-text-align-center\" style=\"font-size:clamp(16.293px, 1.018rem + ((1vw - 3.2px) * 0.68), 25px);\"><span style=\"color: #e1cd89;\" class=\"stk-highlight\">TREND.<br>Tehnologija sa svrhom.<\/span><\/h4>\n\n\n\n<p class=\"has-text-align-center\">Ne jurimo svaki novi \u201ehype\u201c. Analiziramo AI, digitalne transformacije i inovacije kroz prizmu njihove stvarne primjenjivosti u va\u0161em radu i \u017eivotu.<\/p>\n<\/div><\/div>\n<\/div>\n\n\n\n<div class=\"wp-block-column is-layout-flow wp-block-column-is-layout-flow\">\n<div class=\"wp-block-cover\" style=\"border-top-left-radius:8px;border-top-right-radius:8px;border-bottom-left-radius:8px;border-bottom-right-radius:8px;padding-right:2.25rem;padding-left:2.25rem\"><span aria-hidden=\"true\" class=\"wp-block-cover__background has-palette-color-4-background-color has-background-dim-100 has-background-dim\"><\/span><div class=\"wp-block-cover__inner-container is-layout-constrained wp-container-core-cover-is-layout-1abacb28 wp-block-cover-is-layout-constrained\">\n<h4 class=\"wp-block-heading has-text-align-center\" style=\"font-size:clamp(16.293px, 1.018rem + ((1vw - 3.2px) * 0.68), 25px);\"><span class=\"stk-highlight\" style=\"color: var(--theme-palette-color-2, #FDC4D6);\">\u017dIVOT.<br>Svjesna konzumacija.<\/span><\/h4>\n\n\n\n<p class=\"has-text-align-center\">Digitalno doba ne smije biti teret. Istra\u017eujemo balans izme\u0111u ekrana i stvarnosti, zagovaraju\u0107i kvalitetan odmor, <em>slow-living<\/em> i svjesno kori\u0161tenje tehnologije.<\/p>\n<\/div><\/div>\n<\/div>\n<\/div>\n\n\n\n<div style=\"height:100px\" aria-hidden=\"true\" class=\"wp-block-spacer\"><\/div>\n","protected":false},"excerpt":{"rendered":"<p>Va&scaron; filter u svijetu digitalne buke. Svakog dana smo bombardirani informacijama koje ne slu&#382;e ni&#269;emu osim tro&scaron;enju na&scaron;eg vremena. CTZH je nastao kao odgovor na taj kaos. Mi ne jurimo klikove &ndash; mi filtriramo bitno. Na&scaron;a misija je jednostavna: pru&#382;iti vam provjerene strategije za postavljanje Ciljeva, analizu stvarnih tehnolo&scaron;kih Trendova i prakti&#269;ne savjete za kvalitetniji [&hellip;]<\/p>\n","protected":false},"author":3,"featured_media":0,"parent":0,"menu_order":0,"comment_status":"closed","ping_status":"closed","template":"","meta":{"footnotes":""},"class_list":["post-3097","page","type-page","status-publish","hentry"],"blocksy_meta":{"page_title_panel":"","has_hero_section":"disabled","9dad8f631ace193755e5712efd9714a6":"","hero_section":"type-1","hero_elements":[{"id":"custom_title","enabled":true,"heading_tag":"h1","title":"Home"},{"id":"custom_description","enabled":true,"description_visibility":{"desktop":true,"tablet":true,"mobile":false}},{"id":"custom_meta","enabled":false,"meta_elements":[{"id":"author","enabled":true,"label":"By","has_author_avatar":"yes","avatar_size":25},{"id":"post_date","enabled":true,"label":"On","date_format_source":"default","date_format":"M j, Y"},{"id":"comments","enabled":true}],"page_meta_elements":{"joined":true,"articles_count":true,"comments":true}},{"id":"breadcrumbs","enabled":false}],"10718d59018f557af90dfeaf23a39658":"","hero_alignment1":"left","hero_alignment2":"center","hero_vertical_alignment":"center","ecb220f600a0cbb00d37673beecfad6b":"","hero_structure":"narrow","bdefc77aa7a233f13e3f7f823f3a7004":"","page_title_bg_type":"featured_image","custom_hero_background":{"attachment_id":null},"parallax":{"desktop":false,"tablet":false,"mobile":false},"094dc78d23e1d39855993b2f9b5ad59c":"","hero_height":"230px","pageTitleFont":{"family":"Default","variation":"Default","size":{"desktop":"32px","tablet":"30px","mobile":"25px"},"line-height":"1.3","letter-spacing":"CT_CSS_SKIP_RULE","text-transform":"CT_CSS_SKIP_RULE","text-decoration":"CT_CSS_SKIP_RULE"},"pageTitleFontColor":{"default":{"color":"CT_CSS_SKIP_RULEDEFAULT"}},"pageMetaFont":{"family":"Default","variation":"n6","size":{"desktop":"12px","tablet":"12px","mobile":"12px"},"line-height":"1.3","letter-spacing":"CT_CSS_SKIP_RULE","text-transform":"uppercase","text-decoration":"CT_CSS_SKIP_RULE"},"pageMetaFontColor":{"default":{"color":"CT_CSS_SKIP_RULEDEFAULT"},"hover":{"color":"CT_CSS_SKIP_RULEDEFAULT"}},"pageExcerptFont":{"family":"Default","variation":"n5","size":"CT_CSS_SKIP_RULE","line-height":"CT_CSS_SKIP_RULE","letter-spacing":"CT_CSS_SKIP_RULE","text-transform":"CT_CSS_SKIP_RULE","text-decoration":"CT_CSS_SKIP_RULE"},"pageExcerptColor":{"default":{"color":"CT_CSS_SKIP_RULEDEFAULT"}},"breadcrumbsFont":{"family":"Default","variation":"n6","size":"12px","line-height":"CT_CSS_SKIP_RULE","letter-spacing":"CT_CSS_SKIP_RULE","text-transform":"uppercase","text-decoration":"CT_CSS_SKIP_RULE"},"breadcrumbsFontColor":{"default":{"color":"CT_CSS_SKIP_RULEDEFAULT"},"initial":{"color":"CT_CSS_SKIP_RULEDEFAULT"},"hover":{"color":"CT_CSS_SKIP_RULEDEFAULT"}},"pageTitleOverlay":{"default":{"color":"rgba(41, 51, 60, 0.2)"}},"pageTitleBackground":{"background_type":"color","background_pattern":"type-1","background_image":{"attachment_id":null,"x":0,"y":0},"background_repeat":"no-repeat","background_size":"auto","background_attachment":"scroll","patternColor":{"default":{"color":"#e5e7ea"}},"backgroundColor":{"default":{"color":"#EDEFF2"}}},"cb6e33e392d12c50e8ca8328c1e2f430":"","page_structure_type":"type-4","content_style":"inherit","vertical_spacing_source":"custom","content_area_spacing":"bottom","background":{"background_type":"color","background_pattern":"type-1","background_image":{"attachment_id":null,"x":0,"y":0},"background_repeat":"no-repeat","background_size":"auto","background_attachment":"scroll","patternColor":{"default":{"color":"#e5e7ea"}},"backgroundColor":{"default":{"color":"CT_CSS_SKIP_RULE"}}},"content_background":{"background_type":"color","background_pattern":"type-1","background_image":{"attachment_id":null,"x":0,"y":0},"background_repeat":"no-repeat","background_size":"auto","background_attachment":"scroll","patternColor":{"default":{"color":"#e5e7ea"}},"backgroundColor":{"default":{"color":"#ffffff"}}},"content_boxed_spacing":{"desktop":"40px","tablet":"35px","mobile":"20px"},"content_boxed_radius":{"top":"3px","bottom":"3px","left":"3px","right":"3px","linked":true},"content_boxed_shadow":{"blur":18,"spread":-6,"v_offset":12,"h_offset":0,"inset":false,"enable":true,"color":{"color":"rgba(34, 56, 101, 0.04)"}},"b74da0a2ba3bc24dcb09eb2e9153fdb9":"","disable_featured_image":"no","disable_header":"no","disable_footer":"no","styles_descriptor":{"styles":{"desktop":"","tablet":"","mobile":""},"google_fonts":[],"version":6}},"_links":{"self":[{"href":"https:\/\/ctzh.hr\/index.php\/wp-json\/wp\/v2\/pages\/3097","targetHints":{"allow":["GET"]}}],"collection":[{"href":"https:\/\/ctzh.hr\/index.php\/wp-json\/wp\/v2\/pages"}],"about":[{"href":"https:\/\/ctzh.hr\/index.php\/wp-json\/wp\/v2\/types\/page"}],"author":[{"embeddable":true,"href":"https:\/\/ctzh.hr\/index.php\/wp-json\/wp\/v2\/users\/3"}],"replies":[{"embeddable":true,"href":"https:\/\/ctzh.hr\/index.php\/wp-json\/wp\/v2\/comments?post=3097"}],"version-history":[{"count":21,"href":"https:\/\/ctzh.hr\/index.php\/wp-json\/wp\/v2\/pages\/3097\/revisions"}],"predecessor-version":[{"id":3764,"href":"https:\/\/ctzh.hr\/index.php\/wp-json\/wp\/v2\/pages\/3097\/revisions\/3764"}],"wp:attachment":[{"href":"https:\/\/ctzh.hr\/index.php\/wp-json\/wp\/v2\/media?parent=3097"}],"curies":[{"name":"wp","href":"https:\/\/api.w.org\/{rel}","templated":true}]}}